3. Let f(j) = -3*b(j) - k(j). Let n be f(0). Let x = -19 - -31. What is the greatest common divisor of x and n?
6
Suppose -8 = -5*i - 4*a, 3*a - 4 = -4*i - a. Suppose -d + 16 = -4*v, -d + 0*v + 16 = i*v. Calculate the highest common factor of d and 128.
16
Suppose -6*d = -4*n - d + 357, 3*n - d = 265. Calculate the highest common divisor of n and 8.
8
Suppose 0 = -g + 3*g - 28. Let s = -7 + g. Calculate the highest common factor of s and 49.
7
Let r(q) = -6*q + 2. Let m(z) = -z**3 - 12*z**2 - 10*z + 9. Let l be m(-11). Let x be r(l). Calculate the highest common divisor of 21 and x.
7
Let z = -5 + 15. What is the highest common divisor of z and 20?
10
Let t(h) = -h**2 - 8*h - 6. Let n be t(-7). What is the greatest common factor of 2 and n?
1
Let v be 6/24 + (1 - 4869/(-12)). Calculate the highest common factor of 37 and v.
37
Suppose 0*v + 4*b = -v, v = -b. Suppose v = -3*s - 1 + 40. Suppose n = -2*z + 57, 5*n - 77 = -2*z - 0*n. Calculate the greatest common divisor of s and z.
13
Let w = -157 - -237. What is the greatest common divisor of w and 20?
20
Suppose 0 = 2*r + 3*h - 83, -3*h + 20 = h. Calculate the highest common divisor of 51 and r.
17
Suppose -4*u + 44 = 2*p, 5*u - 49 = p - 2*p. Suppose -5*h + u + 6 = 0. Suppose 126 = h*b + 54. Calculate the highest common divisor of 8 and b.
8
Let m = -21 + 30. Let c be 5/(2 - 15/m). What is the highest common divisor of 10 and c?
5
Let l = 14 + -5. What is the greatest common factor of 1 and l?
1
Let t be (2/(-4))/((-2)/152). Let v = 55 - t. Let a be (-14)/(2/(-17) - 0). Calculate the highest common factor of a and v.
17
Let t = 5 + 1. Suppose -2*u + t = 3*g, 0 = 4*g - u + 3*u - 10. What is the highest common factor of g and 8?
4
Let i(y) = -5 + 0 + y**3 - y**2 - 4. Let g be i(0). Let j be 2 - 2 - g - 0. What is the greatest common divisor of 6 and j?
3
Let a(j) = -2*j - 4. Let v be a(-5). Let c be -132*((-4)/v)/1. Calculate the highest common divisor of c and 22.
22
Let d(l) = l + 16. Let w be d(5). What is the highest common divisor of 7 and w?
7
Let f(d) = -4*d - 3. Let i be f(4). Let v = 27 + i. Calculate the highest common divisor of v and 1.
1
Let q be 25/2 - (-1)/2. Let b = 113 - 48. What is the greatest common factor of b and q?
13
Suppose 5*c - 21 - 109 = 0. Suppose -2*u = 4*h - 46, u + 3*h + 0 = c. Let t be -68*(-1 + (-1)/(-4)). What is the highest common factor of t and u?
17
Suppose 0 = 3*g - 106 + 7. What is the highest common divisor of g and 363?
33
Let c be (-30)/(-1 - 4/(-8)) + -3. Calculate the greatest common factor of c and 19.
19
Let c = 13 - -5. Let k be 454/18 - 4/c. Suppose -4*b - 5*q = 0, 9*b + q = 4*b + 21. Calculate the greatest common factor of b and k.
5
Let m(i) = -2*i + 3. Let q be m(2). Let s be -3*-4*q/6. Let l be (s + 0/(-3))*-5. What is the highest common divisor of l and 15?
5
Let b = -58 + 59. Let m be 33/12 + 1/4. What is the greatest common factor of b and m?
1
Let q = -70 - -142. Calculate the highest common divisor of 9 and q.
9
Let u be (0/(-3) + -13)/(-1). Let x = u - -9. Suppose 26 = 3*k - x. Calculate the highest common factor of 48 and k.
16
Suppose f + 42 = 2*b - 11, -2*f - 19 = -b. Suppose b = 3*d - 13. Let x = d - 2. What is the greatest common divisor of 8 and x?
4
Let l be (-16)/20 + (-270)/(-25). Calculate the highest common factor of 110 and l.
10
Let x be ((-2)/(-6))/((-5)/(-195)). Suppose -4*n + 6*n = 78. Calculate the greatest common factor of n and x.
13
Suppose -3*u + v - 5 + 14 = 0, 0 = 5*u + 2*v - 26. What is the greatest common divisor of u and 32?
4
Suppose 0 = -2*m + 13 - 37. Let p be 2/m - (-340)/24. What is the greatest common factor of p and 126?
14
Let a(f) = 3*f**2 + 5*f - 3. Let v be a(3). Calculate the greatest common divisor of v and 26.
13
Let b be (-338)/(-3) + 16/(-24). Suppose 4*q + 3*n - 26 = 26, 0 = -2*q + n + 36. Calculate the greatest common divisor of q and b.
16
Let v = 5 - -6. Suppose -89 = -0*s - s - z, 4*s + 3*z - 351 = 0. Suppose -259 = -5*g + 4*l, 5*l + 116 = 4*g - s. Calculate the highest common factor of g and v.
11
Let j(d) = 4*d**2 - d - 6. Let u be j(9). Let t = -162 + u. What is the greatest common factor of t and 21?
21
Suppose h + 72 = 3*h. Let m(i) = -i**3 - 3*i**2 + 3*i + 1. Let f be m(-4). Suppose -211 + h = -f*j. Calculate the highest common divisor of j and 14.
7
Let y(t) = -2*t + 2. Let q(d) = -4*d + 3. Let x(l) = 3*q(l) - 7*y(l). Let i be x(6). Calculate the greatest common divisor of i and 77.
7
Let m = -70 - -96. Calculate the greatest common divisor of m and 2.
2
Let s = 49 + -7. What is the highest common divisor of 6 and s?
6
Let t = 38 - 10. Let a = t - 14. What is the greatest common divisor of 126 and a?
14
Let b be ((-20)/6)/((-12)/306). Let i = -46 + b. Calculate the greatest common factor of i and 13.
13
Let l(t) = -9*t - 72. Let n be l(-29). What is the highest common factor of n and 7?
7
Suppose -6 = -2*j + 30. Let w be 273/j + 1/(-6). What is the greatest common factor of w and 150?
15
Let f(p) = -p**3 - 6*p**2 + 3. Let s be f(-6). Suppose a - 2*z - 5 = z, -4*z = -a + s. What is the greatest common divisor of a and 121?
11
Suppose 7*z - 60 = 2*z. Let o be 1 + -2 - z/(-1). What is the highest common factor of 99 and o?
11
Suppose -45 = -5*t + 45. Calculate the greatest common divisor of t and 27.
9
Let d be ((-2)/6)/(3/(-18)). Calculate the highest common factor of 4 and d.
2
Let j be (4 - (-72)/(-20))/((-2)/(-100)). What is the greatest common divisor of 8 and j?
4
Suppose -42 = -2*l - 0. What is the highest common factor of 3 and l?
3
Let f(j) = 32*j + 10. Let h be f(8). Suppose 0 = -5*o + h + 274. Suppose 0 = -2*s - s + o. What is the greatest common factor of 4 and s?
4
Suppose 6*c = -z + 3*c + 16, c = z. Suppose -4*j + 4*x = -64, -2*j + 4*x = -19 - 21. What is the greatest common factor of j and z?
4
Suppose 7*y - 164 = 4*y - 4*l, 2*y - 4*l - 136 = 0. Calculate the greatest common divisor of y and 24.
12
Let p be (0 - -2) + 1 + 81. Calculate the highest common factor of 12 and p.
12
Suppose 0 = -2*v - v + 54. Let a(i) = -2*i**3 + 39*i**2 - 15*i + 14. Let w be a(19). What is the greatest common divisor of v and w?
18
Suppose 19*w - 8*w = 44. Calculate the greatest common factor of w and 44.
4
Let l = 15 - -5. Calculate the highest common factor of 50 and l.
10
Let m be (500/(-15))/((-4)/6). What is the highest common factor of m and 10?
10
Suppose -4*y = 4*q - 8, -y - 4*q = y. Calculate the greatest common factor of 64 and y.
4
Let p(q) = -15*q - 3. Let u be p(-2). Calculate the greatest common divisor of u and 3.
3
Let j be (-2)/2 + -1 + -1. Let l be j - ((-1 - -1) + -21). Calculate the greatest common divisor of l and 27.
9
Let p = 36 + 27. Suppose 2*k - v = p, 5*k = v - 3*v + 180. Calculate the highest common divisor of k and 85.
17
Let c be (4 - (5 + 0))*-35. Calculate the greatest common factor of 5 and c.
5
Let j(q) = q**2 - 8*q + 3. Let w be j(8). Suppose 0 = -w*y - 6, -47 = -3*o + 4*y - 0*y. Let m = -14 - -105. What is the greatest common divisor of o and m?
13
Let y = 9 + 0. Let g(o) = 3*o - 1. Let s be g(3). Let a be (4/s)/((-2)/(-288)). What is the highest common factor of a and y?
9
Let b = 44 - 18. Calculate the greatest common factor of 182 and b.
26
Let v be (-49 - -7)*14/(-4). Suppose 5*b - 134 + 29 = 0. What is the greatest common divisor of b and v?
21
Let f be 6/36 + 429/18. Calculate the greatest common factor of 6 and f.
6
Suppose v + 0*k - 379 = 2*k, 5 = -k. Calculate the highest common factor of v and 41.
41
Suppose -2*r = 6*z - 3*z + 4, 3*z + 3*r = -6. Let w = -12 + z. Let x be 4/(8/(-5))*w. What is the greatest common divisor of 10 and x?
10
Let i be 2 - (1 - (1 - -3)). Suppose i*w - 5 = 0, 2*a + 91 = -3*w + 234. What is the greatest common divisor of 28 and a?
14
Let b(t) = -t + 16. Suppose 2*z - 6 = 16. Let h be b(z). Suppose -5*f - 28 = h*y - 133, 5*f - 2*y = 98. Calculate the highest common factor of 50 and f.
10
Let u = -90 + 51. Let n = -18 - u. Suppose -3*r + n = -2*r - 3*q, 3*r - 5*q = 67. Calculate the highest common divisor of 12 and r.
12
Suppose -3 - 697 = -5*b. What is the greatest common factor of 56 and b?
28
Suppose 5*c = 2*q - 40, -5*c = q - 0*c - 20. Suppose 0 = 2*u - 5*u + 9, 756 = 5*a + 2*u. Suppose 2*s - a = -s. Calculate the hig